{"id":132,"date":"2024-09-20T12:26:08","date_gmt":"2024-09-20T12:26:08","guid":{"rendered":"http:\/\/www.vaclavkarel.cz\/?page_id=132"},"modified":"2024-09-21T18:38:01","modified_gmt":"2024-09-21T18:38:01","slug":"francais","status":"publish","type":"page","link":"https:\/\/www.vaclavkarel.cz\/index.php\/francais\/","title":{"rendered":"Fran\u00e7ais"},"content":{"rendered":"\n<div class=\"wp-block-image\"><figure class=\"aligncenter\"><img loading=\"lazy\" width=\"174\" height=\"239\" src=\"https:\/\/www.vaclavkarel.cz\/wp-content\/uploads\/2021\/04\/Vaclav-Kareu-1.jpg\" alt=\"\" class=\"wp-image-43\"\/><\/figure><\/div>\n\n\n\n<h2 class=\"has-text-align-center\">V\u00e1clav Karel<\/h2>\n\n\n\n<p class=\"has-text-align-center\"><strong>Peintre, graveur et illustrateur<\/strong><br>* le 21.10.1902 a Dobric, pres de Plzen<br>+ le 28.12.1969 a Prague<\/p>\n\n\n\n<p>S\u00e9s \u00e9tudes: \u00c9cole de la c\u00e9ramique a Bechyne(1919), Ecole des Arts d\u00e9coratifs a Prague (1927), chez les professeurs Masek et Kysela, et Acad\u00e9mie des Beaux Arts chez Max Svabinsky et T.F. Simon (1927-29), suivies d\u00b4un bref s\u00e9jour a Paris (bourse d\u00b4\u00e9tudes).<\/p>\n\n\n\n<p>Avant 1945, KAREL se d\u00e9diait surtout a la technique de la gravure sur bois, quant aux toiles, il pr\u00e9f\u00e9rait le paysage et les motifs floraux. V\u00e1clav KAREL fut de caractere tres modeste. Pendant toute sa vie il dut supporter le sort de handicap\u00e9 physique, cons\u00e9quence d\u00b4un accident dans l\u00b4enfance, tachant d\u00b4\u00e9viter le public. Il r\u00e9alise sa premi\u00e8re exposition personnelle en 1933 a Hradec Kralove. En 1939 il devient membre de l\u00b4union artistique Umeleck\u00e1 beseda et participe a ses expositions.<\/p>\n\n\n\n<p>Le bombardement am\u00e9ricain de Prague en f\u00e9vrier 1945 le frappa gravement, car la maison ou il habitait et avait son atelier fut tout-a-fait d\u00e9truite, tout comme ses oeuvres. Avec sa femme, ils ne r\u00e9ussirent a sauver que leurs vies. L\u00b4artiste regrettait surtout la perte irr\u00e9parable de ses carnets de notes et cahiers d\u00b4esquisses. Grace a son amiti\u00e9 avec le celebre photographe Joseph Sudek, quelques de ses tableaux et dessins se conserverent en photos.<\/p>\n\n\n\n<p>L\u00b4artiste dut recommencer de z\u00e9ro. Il se voua a l\u00b4illustration pour l\u00b4hebdomadaire pour des enfants Materidouska (Le serpolet), il composa des calendriers, cartes postales, d\u00e9pliants, tableaux d\u00b4\u00e9cole \u017div\u00e1 abeceda (L\u00b4Alphabet vivant), illustrait les livres de lectures pour de petits \u00e9coliers. <strong>KAREL est devenu un illustrateur demand\u00e9<\/strong>. Il illustra des contes de f\u00e9e, po\u00e9sies d\u00b4enfants, disettes et r\u00e9cits du monde de la nature de K.J. Erben, B. Nemcova, J.V. Sladek, Jos. Kozisek et d\u00b4autres auteurs dans favoris des enfants. Au public actuel le nom KAREL ne dit peut-etre pas grand-chose, mais les g\u00e9n\u00e9rations plus ag\u00e9es vous indiqueront comme livres favoris certainement ceux illustr\u00e9s par lui.<\/p>\n\n\n\n<p>Li\u00e9 par des termes fixes des illustrations, KAREL n\u00b4avait pas trop de temps pour d\u00b4autres travaux et il ne put se d\u00e9dier aux toiles que pendant l\u00b4\u00e9t\u00e9. Ses tableaux attendaient parfois longtemps avant d\u00b4etre termin\u00e9s, c\u00b4est pourquoi tres peu d\u00b4entre eux sont sign\u00e9s. Ce n&#8217;est que dans la derniere p\u00e9riode de sa vie KAREL eut plus de temps pour la \u201evraie peinture\u201c. Sa peinture \u00e0 l&#8217;huile Sisyphe suscita de l\u00b4attention au salon pragois en 1968.<\/p>\n\n\n\n<p>Une autre peinture a l\u00b4huile Stromov\u00e1 znamen\u00ed (Signes d\u00b4arbre) montre des corbeaux noirs volant de l\u00b4est vers deux troncs d\u00b4arbre aux symboles du printemps de Prague \u2013 cela exprime une protestation contre l\u00b4occupation russe.<\/p>\n\n\n\n<p>L\u00b4artiste tcheque mondialement tres reconnue, <strong>Adriena \u0160imotova<\/strong>, se souvient: <em>\u201eNos ateliers \u00e9taient l\u00b4un pres de l\u00b4autre et nous nous rencontrions tres fr\u00e9quemment. Je me sentais toujours \u00e9mue devant sa vision po\u00e9tique du monde: papillons, fleurs, vues d\u00b4un coin intime de la nature, symboles f\u00e9eriques. Le lyrisme fantaisiste de ses meilleurs travaux fait songer aux oeuvres du peintre francais <strong>Odilon Redon<\/strong>, notamment les petits dessins a&nbsp;d\u00e9calquer \u2013 tres po\u00e9tiques. Deux s\u00e9ries de ces dessins il les d\u00e9nomma: Osam\u011bl\u00e9 ostrovy (Iles isol\u00e9es) et Opu\u0161t\u011bn\u00e9 truny (Trones d\u00e9serts).&#8220;<\/em><\/p>\n\n\n\n<p>Dans les ann\u00e9es soixante, KAREL participait aux pr\u00e9sentations des arts plastiques tch\u00e9co\u2013 slovaques a l\u00b4\u00e9tranger: en Allemagne, Grande-Bretagne, France, Bulgarie, URSS, Chine et au Vietnam.<\/p>\n\n\n\n<p>Deux expositions posthumes de ses oeuvres ont eu lieu a Prague en 1971 et 1977. Pour c\u00e9l\u00e9brer le centenaire de l\u00b4artiste en 2002 une autre exposition a Prague dans la Galerie Vy\u0161ehrad s\u00b4est tenu donc a la distance de 25 ans ! D\u00b4atres expositions<br>suivies encore en 2002 &#8211; 2003 dans la Galerie de la Boheme occidentale a Pilsen, dans la Galerie a Havlickuv Brod, dans le centre culturel tcheque a Dresde en Alemagne et aussi en Italie a Villanuova sul Clisi. Plus tard, de fr\u00e9quentes expositions ont eu lieu \u2013 voir voir l&#8217;aper\u00e7u de ses expositionsUne  exposition est actuellement en pr\u00e9paration \u00e0 Rakovn\u00edk en octobre \u2013 novembre de 2024.<\/p>\n\n\n\n<p><\/p>\n","protected":false},"excerpt":{"rendered":"<p>V\u00e1clav Karel Peintre, graveur et illustrateur* le 21.10.1902 a Dobric, pres de Plzen+ le 28.12.1969 a Prague S\u00e9s \u00e9tudes: \u00c9cole de la c\u00e9ramique a Bechyne(1919), Ecole des Arts d\u00e9coratifs a Prague (1927), chez les professeurs Masek et Kysela, et Acad\u00e9mie des Beaux Arts chez Max Svabinsky et T.F. Simon (1927-29), suivies d\u00b4un bref s\u00e9jour a [&hellip;]<\/p>\n","protected":false},"author":1,"featured_media":0,"parent":0,"menu_order":0,"comment_status":"closed","ping_status":"closed","template":"","meta":[],"uagb_featured_image_src":{"full":false,"thumbnail":false,"medium":false,"medium_large":false,"large":false,"1536x1536":false,"2048x2048":false},"uagb_author_info":{"display_name":"vaclavkare","author_link":"https:\/\/www.vaclavkarel.cz\/index.php\/author\/vaclavkare\/"},"uagb_comment_info":0,"uagb_excerpt":"V\u00e1clav Karel Peintre, graveur et illustrateur* le 21.10.1902 a Dobric, pres de Plzen+ le 28.12.1969 a Prague S\u00e9s \u00e9tudes: \u00c9cole de la c\u00e9ramique a Bechyne(1919), Ecole des Arts d\u00e9coratifs a Prague (1927), chez les professeurs Masek et Kysela, et Acad\u00e9mie des Beaux Arts chez Max Svabinsky et T.F. Simon (1927-29), suivies d\u00b4un bref s\u00e9jour a&hellip;","_links":{"self":[{"href":"https:\/\/www.vaclavkarel.cz\/index.php\/wp-json\/wp\/v2\/pages\/132"}],"collection":[{"href":"https:\/\/www.vaclavkarel.cz\/index.php\/wp-json\/wp\/v2\/pages"}],"about":[{"href":"https:\/\/www.vaclavkarel.cz\/index.php\/wp-json\/wp\/v2\/types\/page"}],"author":[{"embeddable":true,"href":"https:\/\/www.vaclavkarel.cz\/index.php\/wp-json\/wp\/v2\/users\/1"}],"replies":[{"embeddable":true,"href":"https:\/\/www.vaclavkarel.cz\/index.php\/wp-json\/wp\/v2\/comments?post=132"}],"version-history":[{"count":4,"href":"https:\/\/www.vaclavkarel.cz\/index.php\/wp-json\/wp\/v2\/pages\/132\/revisions"}],"predecessor-version":[{"id":295,"href":"https:\/\/www.vaclavkarel.cz\/index.php\/wp-json\/wp\/v2\/pages\/132\/revisions\/295"}],"wp:attachment":[{"href":"https:\/\/www.vaclavkarel.cz\/index.php\/wp-json\/wp\/v2\/media?parent=132"}],"curies":[{"name":"wp","href":"https:\/\/api.w.org\/{rel}","templated":true}]}}