{"id":29,"date":"2021-04-11T17:27:08","date_gmt":"2021-04-11T17:27:08","guid":{"rendered":"http:\/\/www.vaclavkarel.cz\/?page_id=29"},"modified":"2024-06-19T08:34:30","modified_gmt":"2024-06-19T08:34:30","slug":"ilustrace","status":"publish","type":"page","link":"https:\/\/www.vaclavkarel.cz\/index.php\/ilustrace\/","title":{"rendered":"Ilustrace"},"content":{"rendered":"\n<p>V p\u0159\u00edprav\u011b<\/p>\n","protected":false},"excerpt":{"rendered":"<p>V p\u0159\u00edprav\u011b<\/p>\n","protected":false},"author":1,"featured_media":0,"parent":0,"menu_order":0,"comment_status":"closed","ping_status":"closed","template":"","meta":[],"uagb_featured_image_src":{"full":false,"thumbnail":false,"medium":false,"medium_large":false,"large":false,"1536x1536":false,"2048x2048":false},"uagb_author_info":{"display_name":"vaclavkare","author_link":"https:\/\/www.vaclavkarel.cz\/index.php\/author\/vaclavkare\/"},"uagb_comment_info":0,"uagb_excerpt":"V p\u0159\u00edprav\u011b","_links":{"self":[{"href":"https:\/\/www.vaclavkarel.cz\/index.php\/wp-json\/wp\/v2\/pages\/29"}],"collection":[{"href":"https:\/\/www.vaclavkarel.cz\/index.php\/wp-json\/wp\/v2\/pages"}],"about":[{"href":"https:\/\/www.vaclavkarel.cz\/index.php\/wp-json\/wp\/v2\/types\/page"}],"author":[{"embeddable":true,"href":"https:\/\/www.vaclavkarel.cz\/index.php\/wp-json\/wp\/v2\/users\/1"}],"replies":[{"embeddable":true,"href":"https:\/\/www.vaclavkarel.cz\/index.php\/wp-json\/wp\/v2\/comments?post=29"}],"version-history":[{"count":2,"href":"https:\/\/www.vaclavkarel.cz\/index.php\/wp-json\/wp\/v2\/pages\/29\/revisions"}],"predecessor-version":[{"id":107,"href":"https:\/\/www.vaclavkarel.cz\/index.php\/wp-json\/wp\/v2\/pages\/29\/revisions\/107"}],"wp:attachment":[{"href":"https:\/\/www.vaclavkarel.cz\/index.php\/wp-json\/wp\/v2\/media?parent=29"}],"curies":[{"name":"wp","href":"https:\/\/api.w.org\/{rel}","templated":true}]}}